{"id":80,"date":"2020-03-31T11:09:46","date_gmt":"2020-03-31T09:09:46","guid":{"rendered":"http:\/\/team-events.nc\/?page_id=80"},"modified":"2020-06-04T09:30:29","modified_gmt":"2020-06-04T07:30:29","slug":"temoignages","status":"publish","type":"page","link":"https:\/\/team-events.nc\/index.php\/temoignages\/","title":{"rendered":"T\u00e9moignages"},"content":{"rendered":"\n<h2><strong>Ils nous font confiance :<\/strong><\/h2>\n\n\n\n<figure class=\"wp-block-image size-large is-resized\"><img src=\"http:\/\/team-events.nc\/wp-content\/uploads\/2020\/04\/five-stars-1024x239.png\" alt=\"\" class=\"wp-image-450\" width=\"150\" srcset=\"https:\/\/team-events.nc\/wp-content\/uploads\/2020\/04\/five-stars-1024x239.png 1024w, https:\/\/team-events.nc\/wp-content\/uploads\/2020\/04\/five-stars-300x70.png 300w, https:\/\/team-events.nc\/wp-content\/uploads\/2020\/04\/five-stars-768x179.png 768w, https:\/\/team-events.nc\/wp-content\/uploads\/2020\/04\/five-stars-1536x358.png 1536w, https:\/\/team-events.nc\/wp-content\/uploads\/2020\/04\/five-stars-2048x478.png 2048w\" sizes=\"(max-width: 767px) 89vw, (max-width: 1000px) 54vw, (max-width: 1071px) 543px, 580px\" \/><figcaption>5\/5<\/figcaption><\/figure>\n\n\n\n<blockquote class=\"wp-block-quote\"><p>&#8221; Un grand merci \u00e0 Romain qui a su cr\u00e9er un \u00e9v\u00e8nement totalement adapt\u00e9 \u00e0 l\u2019expression de nos besoins pour une soir\u00e9e riche en surprises sans fausse note. Sa gestion sereine et professionnelle vous permet de profiter de sa sympathie et de sa bonne humeur ! Team building, inauguration et conf\u00e9rence annuelle : un r\u00e9el succ\u00e8s ! &#8220;<\/p><cite><em>Annabelle BAILLOT &#8211; Responsable Promotion Des Ventes et Marketing<\/em><br><em>AIR CAL\u00c9DONIE&nbsp;<\/em><\/cite><\/blockquote>\n\n\n\n<figure class=\"wp-block-image size-large is-resized\"><a href=\"https:\/\/www.air-caledonie.nc\/\" target=\"_blank\" rel=\"noopener noreferrer\"><img src=\"http:\/\/team-events.nc\/wp-content\/uploads\/2020\/04\/aircal.png\" alt=\"\" class=\"wp-image-426\" width=\"200\"\/><\/a><\/figure>\n\n\n\n<hr class=\"wp-block-separator\"\/>\n\n\n\n<figure class=\"wp-block-image size-large is-resized\"><img src=\"http:\/\/team-events.nc\/wp-content\/uploads\/2020\/04\/five-stars-1024x239.png\" alt=\"\" class=\"wp-image-450\" width=\"150\" srcset=\"https:\/\/team-events.nc\/wp-content\/uploads\/2020\/04\/five-stars-1024x239.png 1024w, https:\/\/team-events.nc\/wp-content\/uploads\/2020\/04\/five-stars-300x70.png 300w, https:\/\/team-events.nc\/wp-content\/uploads\/2020\/04\/five-stars-768x179.png 768w, https:\/\/team-events.nc\/wp-content\/uploads\/2020\/04\/five-stars-1536x358.png 1536w, https:\/\/team-events.nc\/wp-content\/uploads\/2020\/04\/five-stars-2048x478.png 2048w\" sizes=\"(max-width: 767px) 89vw, (max-width: 1000px) 54vw, (max-width: 1071px) 543px, 580px\" \/><figcaption><em>5\/5<\/em><\/figcaption><\/figure>\n\n\n\n<blockquote class=\"wp-block-quote\"><p>&#8221; Team Events c\u2019est la garantie d\u2019un \u00e9v\u00e8nement les yeux ferm\u00e9s ! Romain est un professionnel, une personne de confiance, qui sait s\u2019entourer de prestataires de qualit\u00e9. Il fait preuve de beaucoup d\u2019exigence en maintenant une atmosph\u00e8re toujours joyeuse, conviviale, sereine et fluide. Il est force de proposition, s\u2019adapte \u00e0 toutes les situations, et fait toujours preuve d\u2019innovations. Il nous a \u00e9t\u00e9 recommand\u00e9 par le bouche-\u00e0-oreille par la soci\u00e9t\u00e9 Mobilboard en 2017 et depuis nous avons pu lui confier tous nos \u00e9v\u00e9nements internes comme externes. &#8220;<\/p><cite><em>Laurence ESQUEDIN &#8211; Responsable communication<\/em><br><em>EEC ENGIE&nbsp;<\/em><\/cite><\/blockquote>\n\n\n\n<figure class=\"wp-block-image size-large is-resized\"><a href=\"https:\/\/www.eec-engie.nc\/\" target=\"_blank\" rel=\"noopener noreferrer\"><img src=\"http:\/\/team-events.nc\/wp-content\/uploads\/2020\/04\/eec-engie.png\" alt=\"\" class=\"wp-image-427\" width=\"200\" srcset=\"https:\/\/team-events.nc\/wp-content\/uploads\/2020\/04\/eec-engie.png 225w, https:\/\/team-events.nc\/wp-content\/uploads\/2020\/04\/eec-engie-150x150.png 150w, https:\/\/team-events.nc\/wp-content\/uploads\/2020\/04\/eec-engie-100x100.png 100w\" sizes=\"(max-width: 225px) 100vw, 225px\" \/><\/a><\/figure>\n\n\n\n<hr class=\"wp-block-separator\"\/>\n\n\n\n<figure class=\"wp-block-image is-resized\"><img src=\"http:\/\/team-events.nc\/wp-content\/uploads\/2020\/04\/five-stars-1024x239.png\" alt=\"L\u2019attribut alt de cette image est vide, son nom de fichier est five-stars-1024x239.png.\" width=\"150\"\/><figcaption><em>5\/5<\/em><\/figcaption><\/figure>\n\n\n\n<blockquote class=\"wp-block-quote\"><p><em>&#8221; Efficace et \u00a0professionnel, Team Events a su s&#8217;adapter aux conditions d\u2019installations pas toujours simples, et dans des d\u00e9lais hyper serr\u00e9s. Nous avons appr\u00e9ci\u00e9 la grande disponibilit\u00e9 et l&#8217;\u00e9coute de notre partenaire pour tous les villages Tan\u00e9o. &#8220;<\/em><\/p><cite>Agn\u00e8s Auz\u00e9ly-F\u00e9ry\u00a0&#8211; Responsable de client\u00e8le<br>Trait d&#8217;Union Pacifique<\/cite><\/blockquote>\n\n\n\n<figure class=\"wp-block-image size-large\"><img loading=\"lazy\" width=\"200\" height=\"200\" src=\"http:\/\/team-events.nc\/wp-content\/uploads\/2020\/06\/logo-traitdunion.jpg\" alt=\"\" class=\"wp-image-808\" srcset=\"https:\/\/team-events.nc\/wp-content\/uploads\/2020\/06\/logo-traitdunion.jpg 200w, https:\/\/team-events.nc\/wp-content\/uploads\/2020\/06\/logo-traitdunion-150x150.jpg 150w, https:\/\/team-events.nc\/wp-content\/uploads\/2020\/06\/logo-traitdunion-100x100.jpg 100w\" sizes=\"(max-width: 200px) 100vw, 200px\" \/><\/figure>\n","protected":false},"excerpt":{"rendered":"<p>Ils nous font confiance : &#8221; Un grand merci \u00e0 Romain qui a su cr\u00e9er un \u00e9v\u00e8nement totalement adapt\u00e9 \u00e0 l\u2019expression de nos besoins pour une soir\u00e9e riche en surprises sans fausse note. Sa gestion sereine et professionnelle vous permet de profiter de sa sympathie et de sa bonne humeur ! Team building, inauguration et conf\u00e9rence annuelle : un r\u00e9el succ\u00e8s ! &#8220; Annabelle BAILLOT &#8211; Responsable Promotion Des Ventes et MarketingAIR CAL\u00c9DONIE&nbsp; &#8221; Team &hellip; <\/p>\n<p class=\"link-more\"><a href=\"https:\/\/team-events.nc\/index.php\/temoignages\/\" class=\"more-link\">Continuer la lecture<span class=\"screen-reader-text\"> de &laquo;&nbsp;T\u00e9moignages&nbsp;&raquo;<\/span><\/a><\/p>\n","protected":false},"author":1,"featured_media":0,"parent":0,"menu_order":0,"comment_status":"closed","ping_status":"closed","template":"","meta":[],"yoast_head":"<!-- This site is optimized with the Yoast SEO plugin v16.5 - https:\/\/yoast.com\/wordpress\/plugins\/seo\/ -->\n<title>T\u00e9moignages - Team Events clients happy satisfaction<\/title>\n<meta name=\"description\" content=\"Quelques retours de nos clients pour qui nous avons oeuvr\u00e9. L&#039;aventure d\u00e9marre par une rencontre et se p\u00e9rennise par le travail bien fait !\" \/>\n<meta name=\"robots\" content=\"index, follow, max-snippet:-1, max-image-preview:large, max-video-preview:-1\" \/>\n<link rel=\"canonical\" href=\"https:\/\/team-events.nc\/index.php\/temoignages\/\" \/>\n<meta property=\"og:locale\" content=\"fr_FR\" \/>\n<meta property=\"og:type\" content=\"article\" \/>\n<meta property=\"og:title\" content=\"T\u00e9moignages - Team Events clients happy satisfaction\" \/>\n<meta property=\"og:description\" content=\"Quelques retours de nos clients pour qui nous avons oeuvr\u00e9. L&#039;aventure d\u00e9marre par une rencontre et se p\u00e9rennise par le travail bien fait !\" \/>\n<meta property=\"og:url\" content=\"https:\/\/team-events.nc\/index.php\/temoignages\/\" \/>\n<meta property=\"og:site_name\" content=\"Team Events\" \/>\n<meta property=\"article:modified_time\" content=\"2020-06-04T07:30:29+00:00\" \/>\n<meta property=\"og:image\" content=\"http:\/\/team-events.nc\/wp-content\/uploads\/2020\/04\/five-stars-1024x239.png\" \/>\n<meta name=\"twitter:card\" content=\"summary_large_image\" \/>\n<meta name=\"twitter:label1\" content=\"Dur\u00e9e de lecture est.\" \/>\n\t<meta name=\"twitter:data1\" content=\"1 minute\" \/>\n<script type=\"application\/ld+json\" class=\"yoast-schema-graph\">{\"@context\":\"https:\/\/schema.org\",\"@graph\":[{\"@type\":\"Organization\",\"@id\":\"https:\/\/team-events.nc\/#organization\",\"name\":\"Team Events Noum\\u00e9a\",\"url\":\"https:\/\/team-events.nc\/\",\"sameAs\":[],\"logo\":{\"@type\":\"ImageObject\",\"@id\":\"https:\/\/team-events.nc\/#logo\",\"inLanguage\":\"fr-FR\",\"url\":\"https:\/\/team-events.nc\/wp-content\/uploads\/2019\/04\/TEAM_EVENTS_Logo1.png\",\"contentUrl\":\"https:\/\/team-events.nc\/wp-content\/uploads\/2019\/04\/TEAM_EVENTS_Logo1.png\",\"width\":842,\"height\":595,\"caption\":\"Team Events Noum\\u00e9a\"},\"image\":{\"@id\":\"https:\/\/team-events.nc\/#logo\"}},{\"@type\":\"WebSite\",\"@id\":\"https:\/\/team-events.nc\/#website\",\"url\":\"https:\/\/team-events.nc\/\",\"name\":\"Team Events\",\"description\":\"Tous vos \\u00e9v\\u00e9nements professionnels en Nouvelle-Cal\\u00e9donie\",\"publisher\":{\"@id\":\"https:\/\/team-events.nc\/#organization\"},\"potentialAction\":[{\"@type\":\"SearchAction\",\"target\":\"https:\/\/team-events.nc\/?s={search_term_string}\",\"query-input\":\"required name=search_term_string\"}],\"inLanguage\":\"fr-FR\"},{\"@type\":\"ImageObject\",\"@id\":\"https:\/\/team-events.nc\/index.php\/temoignages\/#primaryimage\",\"inLanguage\":\"fr-FR\",\"url\":\"http:\/\/team-events.nc\/wp-content\/uploads\/2020\/04\/five-stars-1024x239.png\",\"contentUrl\":\"http:\/\/team-events.nc\/wp-content\/uploads\/2020\/04\/five-stars-1024x239.png\"},{\"@type\":\"WebPage\",\"@id\":\"https:\/\/team-events.nc\/index.php\/temoignages\/#webpage\",\"url\":\"https:\/\/team-events.nc\/index.php\/temoignages\/\",\"name\":\"T\\u00e9moignages - Team Events clients happy satisfaction\",\"isPartOf\":{\"@id\":\"https:\/\/team-events.nc\/#website\"},\"primaryImageOfPage\":{\"@id\":\"https:\/\/team-events.nc\/index.php\/temoignages\/#primaryimage\"},\"datePublished\":\"2020-03-31T09:09:46+00:00\",\"dateModified\":\"2020-06-04T07:30:29+00:00\",\"description\":\"Quelques retours de nos clients pour qui nous avons oeuvr\\u00e9. L'aventure d\\u00e9marre par une rencontre et se p\\u00e9rennise par le travail bien fait !\",\"breadcrumb\":{\"@id\":\"https:\/\/team-events.nc\/index.php\/temoignages\/#breadcrumb\"},\"inLanguage\":\"fr-FR\",\"potentialAction\":[{\"@type\":\"ReadAction\",\"target\":[\"https:\/\/team-events.nc\/index.php\/temoignages\/\"]}]},{\"@type\":\"BreadcrumbList\",\"@id\":\"https:\/\/team-events.nc\/index.php\/temoignages\/#breadcrumb\",\"itemListElement\":[{\"@type\":\"ListItem\",\"position\":1,\"name\":\"Accueil\",\"item\":\"https:\/\/team-events.nc\/\"},{\"@type\":\"ListItem\",\"position\":2,\"name\":\"T\\u00e9moignages\"}]}]}<\/script>\n<!-- \/ Yoast SEO plugin. -->","_links":{"self":[{"href":"https:\/\/team-events.nc\/index.php\/wp-json\/wp\/v2\/pages\/80"}],"collection":[{"href":"https:\/\/team-events.nc\/index.php\/wp-json\/wp\/v2\/pages"}],"about":[{"href":"https:\/\/team-events.nc\/index.php\/wp-json\/wp\/v2\/types\/page"}],"author":[{"embeddable":true,"href":"https:\/\/team-events.nc\/index.php\/wp-json\/wp\/v2\/users\/1"}],"replies":[{"embeddable":true,"href":"https:\/\/team-events.nc\/index.php\/wp-json\/wp\/v2\/comments?post=80"}],"version-history":[{"count":9,"href":"https:\/\/team-events.nc\/index.php\/wp-json\/wp\/v2\/pages\/80\/revisions"}],"predecessor-version":[{"id":809,"href":"https:\/\/team-events.nc\/index.php\/wp-json\/wp\/v2\/pages\/80\/revisions\/809"}],"wp:attachment":[{"href":"https:\/\/team-events.nc\/index.php\/wp-json\/wp\/v2\/media?parent=80"}],"curies":[{"name":"wp","href":"https:\/\/api.w.org\/{rel}","templated":true}]}}